?
-7
What is the value of -20 - (-108 - (33 + -95))?
26
Calculate 0 + -2 + 7 - ((-31 - -102) + -193).
127
What is 6 - (8 - (144 + -136 + (-1 - 9))) - 8?
-12
What is -64 - (-7 - (-5 + 10) - (7 - (3 + 5)))?
-53
What is the value of -5 - (-4 - (-14 + 23)) - (11 + 8)?
-11
Evaluate (-12 + 4 - -10 - -60) + (15 + -7 - 11).
59
What is (53 - (1 - -1)) + -4026 + 4043?
68
What is -42 + -24 - -3 - -27 - (-1 - 0 - 13)?
-22
What is the value of (-18 + (0 - -13) - -18) + 4 - -52?
69
What is the value of -1 - 33 - ((-23 + 20 - 3) + 4)?
-32
Calculate 122 - ((20 - (-20 + (-21 - -53))) + -11).
125
What is 9 - (3 + 4 + 6 - (-52 + 52))?
-4
What is the value of (-22 - (78 + -87)) + 42?
29
What is the value of 58 + -20 + 7 + (10 - 2) - (4 - -4)?
45
Evaluate 10 + (-26 - -23) + (-71 - (-2 - 4)).
-58
What is the value of 125 + 33 + -142 - (2 - 31)?
45
Evaluate 40 - (18 + -9 + 17) - (-30 + -12).
56
Calculate (18 + 1 - 20 - 11) + 2 + -1.
-11
Evaluate 54 + 0 + -4 + -6 + 4 + 11 + -11.
48
Calculate (3 + -1 - 89 - (804 + -817)) + -4.
-78
(1 - -12) + 0 + -18 + (9 - -22)
26
What is -60 + 74 - (3 + -1 + 2)?
10
Evaluate (0 - -8) + 10 + 94 + (-7 - 3).
102
Evaluate 84 - ((24 - (-21 + 38)) + 17).
60
What is the value of (-24 - (138 - -34)) + 43 - -30?
-123
What is the value of -51 - (-48 - -3 - -35)?
-41
83 + -42 - 32 - -4
13
Evaluate -56 - ((-33 - 15) + 10).
-18
Calculate 21 + (-87 + 1 - -72).
7
What is 9 - (-53 + -51 + 67)?
46
Evaluate 4469 + -4374 + 0 + -8 + -1 + 1.
87
Calculate (-8 - 15) + (-22 - (-18 + -1)).
-26
What is the value of (394 - 407) + 81 + 0 + -1 + -7?
60
Calculate -27 + (-73 - 6) + -3 + 26 - 8.
-91
What is the value of (42 - -56 - 162) + 81?
17
What is (57 + 1 - (9 - (-6 + 12))) + (-9 - -9)?
55
What is the value of (-4979 - -4988) + 0 + -42?
-33
Calculate -17 - (-7 - 2) - -4.
-4
Calculate (2 - (1 + -1)) + (-3 + 8 - -11 - 20).
-2
0 + 43 + (1921 - 1919 - (-1 + 1 + 9))
36
Calculate -23 + -14 + 7 - (-13 + 13 + 7).
-37
What is -15 + (17 - (-2 - (-18 - (-22 + 8))))?
0
Evaluate 15 + -8 - (48 - 27).
-14
What is -2 + -23 + -11 + 30 + (-2 - -6) - 18?
-20
Calculate (-38 - 1) + -146 + 152.
-33
Calculate (-34 - (-1 - 10)) + 34 - (0 - 14).
25
What is the value of -19 - (48 + 9 + -38 + 13 + 18)?
-69
Evaluate (15 - 21) + 0 + (10 - (-2 + 7) - 57).
-58
6 - (-18 + 7 + 11 - (32 + -2 - -1))
37
Evaluate -12 + 12 - (-2 - (-7 - 21)).
-26
What is 6 - -16 - 36 - -33 - -7?
26
What is 60 + (33 - 74) - 54?
-35
Calculate (2 - -77) + (2217 - 2227).
69
What is the value of (-15 - 0) + (11 - (74 + -71)) - -52?
45
Calculate (-2 - (-2 + -1)) + 204 + -211 + -87.
-93
What is the value of -18 - (26 + -41) - (-2 - (-2 - 1))?
-4
What is the value of (-16 - (34 - 59) - (1 - -9)) + 6 + 75?
80
What is -46 - (-14 + (-13 - 53))?
34
(-136 - (-64 - -23)) + 179
84
Evaluate (-1 - -34) + (-3 - (-33 + 53) - -9).
19
What is -99 - 1 - (-9238 + 9120)?
18
Evaluate 0 + -7 - (5 - (-16 + 4 + 46 - 17)).
5
Evaluate -6971 + 7059 + -53 + -1.
34
Calculate 14 + -5 + -16 + 1 + 50 + (1 - 0).
45
What is the value of (-6 - (-4 - 63)) + (-84 - -30) + 53?
60
What is the value of -12 + (-24 - (-14 + -13 + -9)) + (1 - 63)?
-62
What is -8 + -8 + 25 + -15 - -15 - -21?
30
Evaluate -101 + -93 + 150 - 13.
-57
Calculate 16 + -15 + 3 - 54 - (-2 + -6).
-42
What is the value of (6 - 7 - 2) + -12 + 5 + (-1 - -7)?
-4
Evaluate -85 + 81 + -73 - -139.
62
What is the value of (-6 - -1 - (390 - 386)) + 2 + -2 + 82?
73
Calculate 17 - ((35 - 30) + -56 + 12).
56
Calculate (2 + (30 + -9 - 11) - 7) + 9 + 43.
57
Calculate (-108 - 0) + -97 + 203.
-2
Evaluate -401 + 381 + (3 + -3 - -32).
12
2 + 17 + -34 + 22 + -47
-40
-54 - (-80 - -15) - (1 - 1)
11
What is -11 + 2 + -348 + 349 + 35?
27
Calculate 6 + (-31 - -24) - (7 - 2) - (2 - -1).
-9
Evaluate -66 + 70 + (-7 - 1) - (-2 + -13).
11
What is -77 + ((-7 + -12 - -12) + 11 - 6)?
-79
(-9 - (0 - (-3 + -1))) + (-3 - 3)
-19
What is 44 - (1 + 1 + -12 + (53 - 31))?
32
Calculate (1 - 0 - 1) + 35 - (-80 - (-24 + -52)).
39
1 - 20 - (13 - (22 + -6))
-16
What is (5 - (-2 - -4) - 16) + (-1329 - -1355)?
13
(-5 + 35 - -13) + (23 - 19)
47
Calculate (-89 - -86) + (56 - 0) + 9 + (9 - 17).
54
Evaluate 92 + (106 - 123) + -7.
68
Evaluate 7 + (3 - (6 + -4)) - (-79 - (73 + -161)).
-1
Evaluate -4 + (8 - (8 + -3) - 11) + 12.
0
Calculate 8 + (13 + -17 - 4 - 1) + 15.
14
(-21 - (1 - -2 - 2 - -1)) + 6111 + -6118
-30
What is (91 - 106 - -17) + 2 + 62 - (0 - -12)?
54
Evaluate 11 - (42 + (-7 - 54)).
30
Calculate -29 + (-24 - -58) - 15.
-10
Evaluate -81 + 31 + (-14 - -30) + 2 + -12.
-44
125 - (110 - -103 - -32)
-120
1 + 3 + 1 + (10467 - 10537)
-65
-37 - 19 - -25 - 21
-52
What is ((1 - -3) + 3 - -64) + (78 - 87)?
62
What is 23 + -34 + (-50 - 0) + 0?
-61
Evaluate (-258 + 293 - (-6 + 32)) + -15.
-6
What is the value of 57 - (-4 - ((8 - 0) + -17 - -10))?
62
Calculate 1 - -12 - ((-44 - -67) + -13) - (30 - -1).
-28
Calculate -12 - (-20 - (-20 + (-7 - -12)) - 12).
5
Calculate 12 + (-10 - 10) + -13 + (-3 - -71).
47
(-11981 - -11995) + 1 + 0 + 0 + -2
13
Calculate 50 - 50 - -11 - (0 - 0).
11
4 - 21 - (21 - (1 - (-10 - 5)))
-22
What is the value of -3851 + 3812 + 2 + 3 + 1 + 8?
-25
Calculate 19 - (11 - (44 + -70)).
-18
Evaluate 17 - ((-28 - -44) + 11) - (-1 - -77).
-86
What is -22 + -64 + 184 + -92?
6
What is the value of -9 - (-2 - 0) - (-104 - (-15 + 20))?
102
What is the value of 32 + (1 - (18 + -15 + 20))?
10
What is the value of 92 + (1 - (-87 - -83))?
97
Evaluate -10 - ((-2 - 26) + 17) - 47.
-46
Evaluate (534 - 608) + (0 + -4 + -4 + -1 - 0).
-83
Evaluate -15 + (8 + -1 + 0 - (222 + -217)).
-13
Calculate 4216 + -4186 + (-87 - -2).
-55
What is the value of -68 + (2 - (5 - -1)) + 0?
-72
30 - (130 + 13) - -96
-17
-26 - -21 - -35 - (-8 + 81)
-43
Calculate -51 + (7 + 6 - (15 + 6 - 9)).
-50
What is the value of 79 - (113 + -40 + -47)?
53
Evaluate (14 - -6) + (-8 - 29) - -6.
-11
What is the value of -8 + -2 + (26 - (9 - (-11 + 11)))?
7
What is the value of 3 + 17 - ((54 - 41) + 6 + -9)?
10
Calculate 8 + -10 - (-9 - 3 - ((35 - -10) + -7)).
48
0 + -58 - (19 + -39 + -12 + 24)
-50
Calculate -80 + -17 + (18 - 25).
-104
(7 - (82 + -5) - (-17 - -7)) + (-1 - 9)
-70
Evaluate (20 - 0) + -3 - (-12 + 14 + (-40 - -27)).
28
Calculate (4 + -6 - 15 - -16 - (-14 - -3)) + 21.
31
Evaluate 23 + -38 - (22 + -17 - (0 + 12)) - -4.
-4
What is the value of -12 - -2 - (7 - (-7 + -25))?
-49
What is the value of (34 + -25 - -3) + -18?
-6
Calculate 65 - (-43 - (-134 + 8)).
-18
Evaluate -52 + 62 + -14 - (20 + -4).
-20
(3 - 1) + ((8 - 4) + 75 - (179 + -162))
64
Calculate 9 + (-85 + 67 - (3 - 25)) + 2.
15
What is the value of 6 + -18 + 42 + (-64 - -12)?
-22
-305 - -423 - (26 - 0)
92
What is -70 + -19 + (7 - ((15 - 0) + (-52 - -36)))?
-81
Evaluate -21 + 32 + -41 + 9.
-21
-13 + -5 + (25 - 13) - (-135 - -44)
85
What is -117 - (-32 + 108 + -94)?
-99
Evaluate (-5693 - -5711) + -1 + -35 + 1.
-17
-55 - (12 - (4 - (-8 - -3) - (6 + -7)))
-57
Evaluate -64 + 28 + -33 - (-20 - 6).
-43
What is the value of (11 + (4 + -8 - (8 + -2)) - 2) + -61?
-62
What is the value of 122 + (-89 - 40) + (-2 - -2) + -45?
-52
What is (-17 - -8) + (0 - -15 - (14 - 9)) - -19?
20
What is (13 - (3 - (-4 - -24))) + -12?
18
What is the value of -4 + (-5 - -18) + 13 + -14 + 7 - -8?
23
What is the value of -102 - 2 - ((130 - 112) + (-1 - 35))?
-86
What is the value of 212 + -170 - (-11 - -41)?
12
Evaluate 1 - ((-15 - 1) + (-52 - (83 - 95))).
57
(-1 - 0) + -21 - ((3 - 34) + 30 + -5)
-16
What is the value of 5 + (-157 - -52) + 66?
-34
Calculate 5 - -2 - (26 + 27 + (-4 - -5)).
-47
What is the value of 73 + -46 - ((-3 - (-12 + 4)) + -11)?
33
What is (159 - 239) + 1 + 37 + 24?
-18
What is (9 - (-5 + (6 - -3)) - -7) + -14 - -53?
51
Evaluate 185 + -178 - (2 + 2 + (-23 - 1)).
27
-83 - (50 + 3 + -32) - (1 + -12)
-93
What is the value of -106 + 52 + 56 + (-3 - -1) - (-60 + 3)?
57
What is -27 + 10 + (28 + -7 - 15)?
-11
Evaluate 3 + -13 + 0 + (46 - -1) + -8.
29
Calculate -9 - (8 - (-5 + -4 + (-2 - -26)) - -13).
-15
Evaluate -59 + 1 + 0 + -165 + 363 + -183.
-43
-15 + 7 + (-55 - -5) + 5 + (-6 - -2)
-57
-4 + -1 + (-12 - -4 - -5) - (-355 - -458)
-111
-14 + -6 + (14 - 3 - 8)
-17
-20 + -28 + (55 - -43)
50
68 + (36 - (10 + -9 - (26 + -48)))
81
What is the value of (-1 - 3) + 6 - (-108 + -79 + 117)?
72
Evaluate -63 + 62 + 5 + -38.
-34
Evaluate 